e r(11).
2
Let d(k) = k**3 + 36*k**2 - 76*k - 8. Determine d(-38).
-8
Let a(x) = -x**2 + 14. Determine a(-5).
-11
Let k(w) = 6*w - 29. Give k(7).
13
Let f(u) = -2*u + 43. Determine f(17).
9
Let i(n) = n**3 - 14*n**2 - 14*n - 20. Determine i(15).
-5
Let t(w) = -10*w**2 - 3*w. What is t(-1)?
-7
Let w(a) = 8*a - 36. Determine w(7).
20
Let z(q) = -q**3 + 14*q**2 + 4*q - 7. What is z(14)?
49
Let i(m) = m**2 - 4*m - 4. Calculate i(-5).
41
Let u(n) = n**2 - 33. Give u(-5).
-8
Let t(j) = j**2 + j + 9. Calculate t(3).
21
Let j(x) = 9*x**2 + 9*x + 17. Give j(-3).
71
Let n(i) = i**2 + 2*i + 3. What is n(-5)?
18
Let r(o) = -14*o**3 - o**2 + o. Give r(1).
-14
Let u(f) = 25*f - 217. Give u(8).
-17
Let h(d) = d**2 + 35*d + 143. Determine h(-5).
-7
Let i(t) = -17*t**3 + 9*t + 9. Give i(-1).
17
Let b(d) = -d**2 - 18*d - 25. Determine b(-16).
7
Let m(r) = 19*r - 120. Determine m(7).
13
Let a(g) = g**3 - 11*g**2 + 9*g + 4. What is a(10)?
-6
Let i(m) = 40*m - 87. Calculate i(2).
-7
Let t(y) = -y**2 - 4*y + 7. Determine t(-8).
-25
Let m(f) = -4*f - 15. Determine m(-6).
9
Let u(f) = -f**3 + 10*f**2 - 10*f + 4. Calculate u(8).
52
Let z(m) = -m + 9. Calculate z(-4).
13
Let d(a) = -2*a + 4. Determine d(6).
-8
Let c(d) = -5*d - 61. Give c(-9).
-16
Let q(f) = -f**2 + 29*f - 78. Give q(26).
0
Let q(r) = r**3 - 12*r**2 - 7*r - 22. Give q(13).
56
Let o(m) = -m**2 + 9*m - 12. Determine o(8).
-4
Let k(r) = -r**3 - 7*r**2 - 10*r - 19. Calculate k(-6).
5
Let b(r) = -30*r + 19. Determine b(5).
-131
Let u(g) = -g**2 - 8*g - 5. Give u(-5).
10
Let o(r) = -2*r**3 + 30*r**2 + 30*r + 31. Give o(16).
-1
Let r(d) = d + 8. What is r(-13)?
-5
Let c(v) = -10*v + 4. Give c(-2).
24
Let g(t) = t**2 - 2*t + 8. Give g(-4).
32
Let x(k) = -k**3 - 14*k**2 + 13*k - 57. Calculate x(-15).
-27
Let t(z) = -z**3 + 11*z**2 + 9*z - 9. Calculate t(12).
-45
Let v(s) = -15*s**2 + 46*s - 10. Calculate v(3).
-7
Let h(u) = 28*u - 60. What is h(6)?
108
Let b(z) = -z**3 - 9*z**2 - 12*z + 2. Calculate b(-7).
-12
Let c(o) = 2*o + 16. Give c(-7).
2
Let i(u) = u**2 - 2*u + 8. What is i(2)?
8
Let p(w) = 3*w**2 + 26*w + 16. Give p(-7).
-19
Let h(f) = -3*f + 4. What is h(2)?
-2
Let f(h) = 67*h + 409. What is f(-6)?
7
Let q(g) = g**2 - 15*g - 193. What is q(23)?
-9
Let g(j) = 2*j + 1. What is g(0)?
1
Let b(a) = -a**3 - 14*a**2 - 20*a + 68. Determine b(-12).
20
Let c(r) = -3*r**2 - 6*r - 7. Give c(-3).
-16
Let w(j) = -j**3 + 6*j**2 - 4*j. What is w(6)?
-24
Let l(q) = q**3 + 18*q**2 + 17*q - 4. Give l(-17).
-4
Let y(f) = -2*f + 8. What is y(6)?
-4
Let l(q) = q**2 + q + 5. What is l(-5)?
25
Let u(m) = m**2 - 11*m + 10. Give u(8).
-14
Let k(m) = -8*m - 2. What is k(4)?
-34
Let t(j) = j**3 - 43*j**2 + j - 44. Calculate t(43).
-1
Let l(y) = 4*y**3 - 37*y**2 + 40*y - 4. Give l(8).
-4
Let n(r) = -5*r - 266. What is n(-53)?
-1
Let t(m) = 2*m**3 - 3*m**2 + 2*m. Calculate t(4).
88
Let y(s) = s + 2. Determine y(7).
9
Let u(h) = h**2 + 8*h - 18. What is u(-10)?
2
Let b(f) = 2*f**2 + 32*f - 38. Determine b(-17).
-4
Let r(j) = -j**3 - 18*j**2 - 31*j + 20. What is r(-16)?
4
Let k(h) = h**3 - 8*h**2 - h - 4. Give k(8).
-12
Let v(j) = j**2 - 10*j + 1. Determine v(10).
1
Let r(u) = -3*u**3 - 43*u**2 - 15*u - 10. What is r(-14)?
4
Let o(s) = -73*s - 228. Give o(-3).
-9
Let a(c) = c - 11. What is a(5)?
-6
Let p(a) = -a**3 + 7*a**2 + 11*a - 28. Determine p(8).
-4
Let h(t) = -6*t**2 + 86*t - 11. What is h(14)?
17
Let c(d) = 2*d - 18. Determine c(0).
-18
Let f(t) = -t**3 + 8*t**2 + 4*t + 28. Give f(9).
-17
Let y(k) = 2*k**2 - 38*k + 182. What is y(11)?
6
Let v(h) = -h**3 - 2*h**2 + 2*h - 3. What is v(-4)?
21
Let u(p) = -p**3 - p**2 + 2*p - 66. Calculate u(0).
-66
Let c(m) = -m**2 + 36*m - 85. Determine c(34).
-17
Let a(j) = j**3 - 6*j**2 - 4*j + 23. Determine a(3).
-16
Let k(q) = -2*q**2 - 46*q - 27. Determine k(-21).
57
Let b(q) = 6*q - 10. Give b(-7).
-52
Let c(o) = 2*o**2. What is c(-1)?
2
Let g(d) = d - 1. Determine g(-4).
-5
Let r(b) = -b**2 + 7*b - 10. Give r(5).
0
Let g(a) = -5*a**2 - 124*a + 22. Calculate g(-25).
-3
Let l(i) = -i**3 + 6*i**2 + i - 13. Give l(6).
-7
Let s(j) = 2*j**3 + 2*j**2 - 3*j - 1. Determine s(-3).
-28
Let a(m) = -m**2 - 9*m + 77. Determine a(-16).
-35
Let k(c) = c**2 - 19*c + 24. Determine k(17).
-10
Let k(b) = 2*b**3 - 5*b**2 + 4. What is k(4)?
52
Let b(v) = -v**2 - 8*v - 4. Determine b(-3).
11
Let m(r) = r**3 + 5*r**2 + 3*r + 3. Give m(-3).
12
Let b(i) = 5*i - 28. Give b(5).
-3
Let f(b) = 37*b**2. Calculate f(1).
37
Let k(g) = 5*g + 116. Give k(-24).
-4
Let t(p) = 34*p**2 + 5*p - 2. Calculate t(-1).
27
Let v(r) = r - 9. Determine v(19).
10
Let a(s) = s**2 + 7*s - 7. What is a(-8)?
1
Let t(n) = 2*n**2 + 4*n + 1. Determine t(0).
1
Let n(i) = i**2 + 20*i + 14. Determine n(-18).
-22
Let f(q) = 2*q + 16. What is f(-18)?
-20
Let h(b) = b**3 + 15*b**2 + 26*b + 15. Determine h(-12).
135
Let p(f) = 4*f + 22. Calculate p(10).
62
Let d(w) = -9*w**2 - 5*w - 2. Determine d(-1).
-6
Let t(v) = v**2 + 7*v - 5. Determine t(-6).
-11
Let w(j) = -16*j + 202. Calculate w(13).
-6
Let i(p) = -p**3 - 22*p**2 - 2*p - 22. Calculate i(-22).
22
Let r(y) = -y + 7. Determine r(-1).
8
Let b(h) = h**3 + 35*h**2 - 29*h + 259. Calculate b(-36).
7
Let s(k) = -5*k**2 - 4*k + 1. What is s(-3)?
-32
Let h(v) = -v**3 - 10*v**2 - 16*v + 3. Calculate h(-8).
3
Let t(b) = 14*b - 35. What is t(0)?
-35
Let j(k) = 4*k - 11. Give j(-3).
-23
Let m(z) = 10*z - 4. What is m(3)?
26
Let j(s) = -2*s**2 - s + 3. Determine j(3).
-18
Let r(w) = 29*w**2 - w - 2. Calculate r(2).
112
Let k(p) = p - 2. Determine k(4).
2
Let s(c) = -c**3 - 22*c**2 - 24*c - 67. Calculate s(-21).
-4
Let r(g) = g**2 + 3*g - 4. Determine r(2).
6
Let u(m) = 3*m - 41. Determine u(12).
-5
Let t(l) = l + 12. Give t(-13).
-1
Let y(b) = 5*b**2 + 44*b - 10. Give y(-9).
-1
Let y(l) = -4*l**3 + 2*l**2 + 2*l + 2. What is y(-2)?
38
Let f(s) = 12*s + 20. Determine f(-6).
-52
Let d(t) = t**3 + 15*t**2 - 15*t + 12. Give d(-16).
-4
Let l(n) = 2*n**2 - 29*n + 43. Determine l(13).
4
Let p(k) = -k**3 - 22*k**2 - 4*k - 90. Calculate p(-22).
-2
Let s(p) = -2*p - 15. Give s(-7).
-1
Let r(f) = f + 14. Determine r(6).
20
Let r(i) = 16*i + 106. Calculate r(-7).
-6
Let l(i) = i**2 - 8*i + 1. Give l(9).
10
Let t(w) = -w**3 - 22*w**2 + 16*w - 159. Calculate t(-23).
2
Let k(t) = t**3 + 13*t**2 + 11*t - 14. Give k(-12).
-2
Let p(h) = 2*h**3 + 5*h**2 - 3*h - 12. Give p(-5).
-122
Let p(o) = 6*o - 36. Give p(-13).
-114
Let m(d) = -3*d + 7. Determine m(5).
-8
Let j(c) = c - 3. What is j(0)?
-3
Let p(v) = -12*v**2 + 7*v - 1. Calculate p(-2).
-63
Let b(z) = 18*z - 100. Give b(6).
8
Let g(y) = y**3 - y**2 - 10*y - 7. What is g(-3)?
-13
Let g(h) = -h**3 - 2*h**2 + 7*h + 4. Determine g(-4).
8
Let s(r) = -7*r**3 - 2*r - 1. What is s(-1)?
8
Let h(c) = 2*c**2 - 17*c + 3. Calculate h(10).
33
Let k(t) = -t**3 + t**2 + 2*t - 3. Calculate k(2).
-3
Let q(v) = v**3 - 13*v**2 + 7*v + 17. Determine q(12).
-43
Let o(h) = -h**2 - 18*h - 20. Give o(-17).
-3
Let o(c) = c**2 - 6*c - 7. Give o(5).
-12
Let w(x) = -4*x + 32. Give w(8).
0
Let w(o) = 3*o**2 - 53*o - 26. What is w(18)?
-8
Let p(m) = -m**2 - 5*m + 18. Give p(-8).
-6
Let v(i) = i**2 + 8*i + 6. Calculate v(-3).
-9
Let b(j) = 57*j**3 - j**2. Give b(1).
56
Let c(l) = -2*l**2 + 12*l + 11. Calculate c(7).
-3
Let c(s) = -2*s**2 + 36*s - 138. Give c(12).
6
Let r(t) = t**3 - 4*t**2 - 9*t + 9. Give r(5).
-11
Let y(k) = k**3 - 6*k**2 - 8*k - 7. Calculate y(7).
-14
Let w(h) = 21*h + 4. Calculate w(-1).
-17
Let u(t) = 13*t**3 - t**2 + 4*t - 2. Give u(1).
14
Let n(a) = a**2 + 2*a + 13. What is n(6)?
61
Let g(z) = 6*z - 56. Give g(8).
-8
Let f(n) = 3*n + 26. Give f(-12).
-10
Let l(r) = r - 2. What is l(6)?
4
Let b(x) = 13*x - 4. What is b(4)?
48
Let x(j) = -2*j**2 - 5*j - 1. What is x(4)?
-53
Let p(g) = 4*g**2 - 6*g + 7. Determine p(1).
5
Let n(w) = -w**2 - 11*w - 29. What is n(-3)?
-5
Let q(f) = -f**3 + 39*f**2 + f - 38. Give q(39).
1
Let f(n) = 3*n + 8. What is f(-2)?
2
Let i(h) = -h**2 + 12*h + 2. Give i(13).
-11
Let r(h) = -h**2 - 4*h. Determine r(-5).
-5
Let c(h) = -2*h**3 - 21*h**2 + 94. Determine c(-10).
-6
Let t(d) = 4*d - 17. Determine t(-5).
-37
Let h(a) = -39*a - 159. Give h(-4).
-3
Let j(d) = d**2 + 6*d - 9. Calculate j(-8).
7
Let k(w) = -4*w**2 + 4*w + 5. Give k(4).
-43
Let v(t) = -t